 44*v**2 + 4*v + 53. What is r(-44)?
-123
Let c(q) = q**2 - 8*q - 204. Calculate c(-17).
221
Let f(y) = 3*y**2 + 499*y + 986. Give f(-2).
0
Let u(z) = -39*z**3 - 55*z**2 - 110*z. Give u(-2).
312
Let t(u) = u**2 - 15*u - 324. Give t(-22).
490
Let w(i) = 87*i - 1928. Calculate w(22).
-14
Let h(k) = -21*k - 70. Determine h(-5).
35
Let s(i) = 2*i - 6. Determine s(-6).
-18
Let o(t) = 2*t + 82. Give o(-36).
10
Let k(i) = 2*i**3 - 8*i**2 + 5*i + 13. Calculate k(5).
88
Let y(r) = 3*r**2 + 121*r - 842. Calculate y(6).
-8
Let q(b) = -373*b - 5217. Give q(-14).
5
Let i(l) = -27*l + 42. Calculate i(5).
-93
Let f(z) = 10*z - 272. Give f(18).
-92
Let x(j) = j**3 - 8*j**2 + 4*j - 112. Calculate x(9).
5
Let j(n) = -n**2 + 52*n + 688. Calculate j(-11).
-5
Let h(s) = -11*s**2 + 150*s + 150. What is h(-1)?
-11
Let a(i) = i**3 + 19*i**2 + 20*i + 103. Give a(-19).
-277
Let y(x) = -42*x - 507. Calculate y(-13).
39
Let m(h) = -h**3 + 10*h**2 - 11*h - 97. Give m(9).
-115
Let h(a) = a**3 + 29*a**2 - 33*a + 49. Calculate h(-30).
139
Let n(v) = -v**3 - 19*v**2 + 243*v - 572. Determine n(6).
-14
Let a(d) = -173*d + 2311. What is a(12)?
235
Let t(a) = 2*a**3 + 134*a**2 - 716*a + 302. What is t(-72)?
14
Let q(p) = -41*p**2 + 9*p + 17. Determine q(-2).
-165
Let f(k) = k**3 + 9*k**2 - 22*k - 135. Determine f(-9).
63
Let c(m) = -4*m**3 - 5*m**2 + 31*m + 8. What is c(4)?
-204
Let n(s) = -793*s**2 + 2*s. Determine n(1).
-791
Let d(f) = f**3 - 30*f**2 - 55*f - 250. Calculate d(32).
38
Let f(c) = 2*c**2 + 6*c + 55. Calculate f(8).
231
Let j(w) = 2*w**2 + 44*w + 191. What is j(-16)?
-1
Let a(u) = -19*u + 385. What is a(21)?
-14
Let c(k) = -k**2 - 69*k - 385. Determine c(-63).
-7
Let t(w) = -w**2 + 57*w - 652. Calculate t(41).
4
Let y(r) = -3*r**3 + 72*r**2 + 58*r + 42. Give y(25).
-383
Let y(l) = 14*l**3 - 3*l**2 - 714*l + 719. Calculate y(1).
16
Let j(g) = 415*g + 2496. Give j(-6).
6
Let w(d) = 4*d**2 - 22*d - 131. Calculate w(14).
345
Let m(p) = -2*p**3 + 11*p**2 + 291*p - 1765. Calculate m(6).
-55
Let m(q) = -q**2 - 40*q + 317. Calculate m(-50).
-183
Let k(t) = 8*t - 264. What is k(28)?
-40
Let w(f) = 3*f**2 + 97*f + 555. Determine w(-25).
5
Let t(w) = -w**2 - 97*w - 2354. Give t(-45).
-14
Let b(u) = u**3 - 18*u**2 + 20*u - 43. Give b(17).
8
Let t(q) = 3*q**2 - 1061*q + 80667. Determine t(243).
-9
Let j(a) = a**2 + 74*a + 439. Determine j(-7).
-30
Let v(b) = b**3 + 14*b**2 - 28*b - 6. Give v(2).
2
Let h(d) = -7*d**3 + d**2 + 59*d - 59. Give h(1).
-6
Let n(r) = -918*r - 107409. Determine n(-117).
-3
Let x(h) = 7*h**3 + 12*h**2 - 2*h + 6. Give x(2).
106
Let f(d) = -2*d**2 - 113*d + 1952. Determine f(14).
-22
Let j(z) = z**3 - 179*z**2 + 1515*z + 23. What is j(9)?
-112
Let n(h) = -h**2 - 68*h - 351. What is n(-6)?
21
Let d(g) = 484*g - 2142. Determine d(4).
-206
Let q(t) = 126*t - 516. Give q(4).
-12
Let j(v) = -6*v**2 - 41*v + 20. Give j(-5).
75
Let u(g) = 11*g**3 + 348*g**2 - 128*g + 5. Determine u(-32).
5
Let c(o) = 48*o + 720. What is c(-15)?
0
Let n(d) = 3*d**3 - 55*d**2 - 30*d - 157. Give n(19).
-5
Let q(s) = s**2 + 121*s - 16349. What is q(81)?
13
Let v(u) = 8*u**2 - u - 9. What is v(4)?
115
Let s(h) = 390*h - 3126. What is s(8)?
-6
Let w(h) = -84*h + 1172. Give w(14).
-4
Let v(s) = -s**2 + 2*s + 1015. Determine v(33).
-8
Let y(c) = c**3 - 5*c**2 - 27*c + 18. Determine y(8).
-6
Let q(f) = -2*f**2 + 32*f - 117. Determine q(10).
3
Let y(t) = t**2 - 1368*t - 11012. What is y(-8)?
-4
Let c(j) = -3*j**2 + 23*j - 35. Calculate c(12).
-191
Let z(b) = -b**3 - 177*b**2 - 438*b + 14629. Determine z(-174).
13
Let g(l) = l**3 - 41*l**2 - 28*l - 312. Calculate g(42).
276
Let t(i) = -5*i**3 - 21*i**2 - 8*i - 2. Determine t(0).
-2
Let h(c) = c**2 - 7*c - 1235. Calculate h(-33).
85
Let z(u) = u**3 - 19*u**2 - 77*u + 234. Determine z(22).
-8
Let i(u) = 12*u - 1026. Give i(87).
18
Let m(q) = 13*q - 416. Give m(26).
-78
Let d(h) = -58*h - 1813. What is d(-21)?
-595
Let p(r) = -2309*r - 9284. Determine p(-4).
-48
Let t(i) = 2*i**2 - 50*i - 1301. Determine t(41).
11
Let g(t) = 2*t**3 - 33*t**2 - 10*t - 136. Determine g(17).
-17
Let o(i) = 2*i**3 - 3*i**2 + 30*i - 11. Calculate o(6).
493
Let q(d) = 528*d - 8463. Determine q(16).
-15
Let s(f) = f**3 + 5*f**2 + 64*f + 386. Determine s(-6).
-34
Let a(s) = -s**2 - 22*s + 61. Give a(-19).
118
Let c(z) = -389*z + 7378. What is c(19)?
-13
Let g(o) = -28*o**2 + 33*o + 69. Calculate g(-2).
-109
Let v(o) = 4*o - 59. Determine v(8).
-27
Let a(v) = -710*v - 4963. Give a(-7).
7
Let w(d) = 1525*d + 59483. Determine w(-39).
8
Let k(g) = g**3 - 7*g**2 - 188*g + 1249. Give k(7).
-67
Let b(z) = 123*z - 26204. Determine b(213).
-5
Let g(f) = 3*f**2 + 23*f + 131. Give g(-5).
91
Let l(a) = a**2 + 100*a + 1448. Calculate l(-83).
37
Let j(d) = 7883*d + 55182. Give j(-7).
1
Let t(p) = p**3 + 4*p**2 - 20*p - 59. Calculate t(-6).
-11
Let p(x) = -335*x - 2057. Calculate p(-6).
-47
Let r(a) = a**3 - 26*a**2 + 95*a - 158. Determine r(22).
-4
Let g(p) = 32*p + 1130. Give g(-35).
10
Let j(p) = 2*p**2 + 144*p + 436. What is j(-3)?
22
Let p(k) = 3*k**3 - 155*k**2 - 57*k + 154. Determine p(52).
-106
Let m(d) = -d**2 - 26*d + 1472. Calculate m(27).
41
Let h(u) = u**3 + 23*u**2 - 14*u + 334. What is h(-24)?
94
Let c(n) = -2*n**2 - 79*n - 19. Calculate c(-39).
20
Let m(j) = -j**3 - 32*j**2 - 138*j + 34. Give m(-27).
115
Let l(x) = 3*x**3 + 10*x**2 + 3*x - 40. Give l(-6).
-346
Let h(y) = -71*y + 61. What is h(-2)?
203
Let r(l) = 54*l**2 - 5*l + 9. Give r(3).
480
Let a(g) = -g**3 + 19*g**2 + 414*g + 54. Determine a(32).
-10
Let h(g) = 391*g**3 + 3*g**2 + 30*g - 32. Calculate h(1).
392
Let j(f) = 84*f**2 + f - 2. Give j(1).
83
Let r(f) = -3*f**3 - 9*f**2 + 17*f - 8. Give r(-5).
57
Let h(i) = 32*i - 2343. What is h(73)?
-7
Let g(d) = -13*d**2 + 69*d + 123. Determine g(7).
-31
Let m(o) = 3*o**3 + o**2 + 3*o - 2. Determine m(1).
5
Let i(j) = -2*j**2 - 87*j + 359. Calculate i(-48).
-73
Let a(l) = -l**3 - 16*l**2 - 2*l - 5. Give a(-15).
-200
Let g(q) = q**2 + 30*q - 530. Calculate g(12).
-26
Let t(c) = -c**3 + 2*c**2 + 38*c + 76. What is t(-3)?
7
Let q(s) = 2*s**3 - 28*s**2 - 22*s - 88. Give q(15).
32
Let f(y) = -y - 22. Determine f(20).
-42
Let y(w) = -24*w - 411. What is y(-15)?
-51
Let t(s) = s**2 - 42*s + 428. Calculate t(22).
-12
Let y(c) = -3*c**3 - 15*c**2 + 22*c - 33. Give y(-8).
367
Let j(h) = h**3 + 323*h**2 - 6881*h + 423. Give j(20).
3
Let l(i) = i**3 + 24*i**2 + 119*i - 39. Give l(-17).
-39
Let d(r) = 20*r - 1795. Give d(90).
5
Let x(r) = -239*r + 1430. Give x(6).
-4
Let t(a) = -3*a**2 - 160*a - 45. What is t(-53)?
8
Let m(c) = 109*c - 10666. Calculate m(98).
16
Let c(o) = 29*o**3 + 6*o**2 + 8*o + 5. What is c(-2)?
-219
Let p(w) = -5*w**2 + 325*w - 647. Give p(2).
-17
Let q(l) = 49*l + 7941. Give q(-162).
3
Let x(o) = 31*o**3 + 4*o**2 - 5*o - 11. Give x(-2).
-233
Let h(l) = 2612*l + 26130. Calculate h(-10).
10
Let r(l) = -7165*l + 214959. Calculate r(30).
9
Let o(b) = -12*b**3 - 56*b**2 + 2*b - 91. What is o(-5)?
-1
Let h(q) = 2*q**2 - 84*q + 386. What is h(34)?
-158
Let i(w) = -w**2 - 730*w - 14208. Give i(-20).
-8
Let b(g) = -g**3 + 17*g**2 + 46*g - 155. Calculate b(19).
-3
Let o(z) = -z**3 - 8*z**2 + 4*z + 2. Determine o(-6).
-94
Let r(h) = -h**3 - 10*h**2 - 47*h - 37. What is r(-10)?
433
Let r(q) = 1097*q + 1104. Calculate r(-1).
7
Let c(y) = -14*y - 814. What is c(-59)?
12
Let s(a) = -46*a**2 + 28*a - 25. Calculate s(1).
-43
Let r(b) = -2*b**2 - 86*b + 183. Determine r(-45).
3
Let h(k) = k**2 - 28*k + 107. Determine h(6).
-25
Let u(x) = 796*x + 1640. Give u(-2).
48
Let p(s) = s**3 + 19*s**2 + 27*s - 177. Determine p(-17).
-58
Let j(x) = 9*x**2 - 60*x - 102. Determine j(-2).
54
Let s(m) = 6*m**2 + 2*m - 11. What is s(6)?
217
Let n(p) = -274*p - 806. Determine n(-3).
16
Let i(a) = a - 87. Give i(-21).
-108
Let t(y) = -2*y**3 - 3*y**2 + 182*y + 59. What is t(9)?
-4
Let m(x) = x**3 + 88*x**2 + 5*x + 486. Calculate m(-88).
46
Let o(w) = w**2 - 9*w - 225. What is o(-11)?
-5
Let p(t) = t**3 - 42*t**2 - 138*t + 105. What is p(45)?
-30
Let k(x) = 8*x**2 - 14*x - 205. What is k(-8)?
419
Let v(w) = -4*w**2 - 88*w - 46. Calculate v(-20).
114
Let b(r) = 4*r**2 - 32*r + 70. Calculate b(4).
6
Let d(p) = p**2 + 15*p - 977. Calculate d(25).
23
Let s(q) = -3*q**3 + 150*q**2 - 36*q + 1